composite?
True
Is 158875919 composite?
True
Is 73832356391 composite?
True
Is 16629028139 a prime number?
False
Is 1413650971 prime?
False
Is 61890091447 a prime number?
True
Is 1056336899 prime?
False
Is 4543859653 composite?
True
Is 299541060899 composite?
False
Is 26155278493 a composite number?
False
Is 1137245807 prime?
True
Is 3686504263 composite?
True
Is 818252083 prime?
False
Is 2527795009 prime?
True
Is 2353030193 composite?
True
Is 7456474847 prime?
False
Is 999806827 a composite number?
True
Is 7133149717 a composite number?
True
Is 16675469059 a prime number?
False
Is 632415737 composite?
False
Is 29374164899 a composite number?
True
Is 11344685617 a prime number?
True
Is 3126138811 a prime number?
True
Is 350956051 a composite number?
True
Is 208867740961 prime?
False
Is 8340545651 prime?
False
Is 135782359 a prime number?
False
Is 4211665949 composite?
False
Is 5143009087 prime?
True
Is 4786229653 a prime number?
True
Is 285121559 a prime number?
True
Is 8073037999 a composite number?
True
Is 2111434543 a prime number?
False
Is 10056009529 a composite number?
True
Is 2250593 prime?
False
Is 26547947 a composite number?
True
Is 14346273187 prime?
False
Is 139434998 prime?
False
Is 1215845227 composite?
True
Is 364146209 a prime number?
False
Is 52117159 a prime number?
True
Is 398517481 prime?
False
Is 957777281 composite?
False
Is 62189425199 a composite number?
True
Is 8188813657 prime?
False
Is 5501693011 a prime number?
True
Is 14433619649 a composite number?
False
Is 14117244889 a composite number?
True
Is 3294095335 prime?
False
Is 2048433847 prime?
True
Is 62344851 composite?
True
Is 7485333073 composite?
True
Is 94678811 a composite number?
False
Is 77602524431 composite?
False
Is 197634841 a composite number?
True
Is 1586914289 prime?
True
Is 21162418019 composite?
False
Is 67051429 prime?
False
Is 606985965239 a composite number?
False
Is 3740562062 a composite number?
True
Is 684548143 a composite number?
False
Is 26670367417 prime?
False
Is 1060095767 a composite number?
True
Is 43305797959 prime?
False
Is 11793846353 a prime number?
False
Is 209332021 a composite number?
False
Is 2299235615 a composite number?
True
Is 23147167 prime?
False
Is 181423901 prime?
False
Is 1387631363 composite?
False
Is 23353822139 prime?
True
Is 1532437619 a prime number?
False
Is 235841873 a composite number?
True
Is 2121363757 prime?
True
Is 37582982921 prime?
False
Is 138137512001 composite?
True
Is 2587564873 a composite number?
False
Is 160064103421 composite?
False
Is 8396989831 a composite number?
True
Is 117629711 a prime number?
False
Is 24368440451 a composite number?
True
Is 9240723403 a composite number?
True
Is 1400952727 a prime number?
True
Is 847218521 composite?
False
Is 64693542317 a prime number?
False
Is 9618716669 prime?
False
Is 205699357 a composite number?
True
Is 424485807 a composite number?
True
Is 748519721 composite?
True
Is 6650774401 a composite number?
False
Is 5327875639 prime?
True
Is 101646901 composite?
True
Is 125610899741 a prime number?
False
Is 838893997 composite?
True
Is 1324391763 a prime number?
False
Is 2758351943 a prime number?
True
Is 20123657 a prime number?
False
Is 11333887559 prime?
False
Is 7656295331 prime?
False
Is 189165013 composite?
False
Is 52842375695 a composite number?
True
Is 2619461969 prime?
True
Is 250447479863 prime?
False
Is 474054781 prime?
True
Is 10490778211 a composite number?
False
Is 10102768213 prime?
True
Is 119693993 a prime number?
False
Is 25126588631 prime?
False
Is 394733879 prime?
False
Is 5191581833 prime?
True
Is 217512797 a composite number?
False
Is 5426492563 a composite number?
False
Is 863178101 a composite number?
False
Is 13636743737 composite?
True
Is 8308713659 prime?
True
Is 11100954967 a composite number?
True
Is 2508996031 prime?
False
Is 2735072279 prime?
True
Is 12121938901 a composite number?
True
Is 1098922301 a prime number?
True
Is 149856541 prime?
True
Is 13606618969 a composite number?
False
Is 7656471427 prime?
False
Is 295184819 prime?
True
Is 11715501179 a composite number?
True
Is 1813224377 composite?
True
Is 151010258521 a prime number?
True
Is 9896941309 a prime number?
False
Is 55377335653 prime?
True
Is 6887018953 a prime number?
True
Is 418330487 a prime number?
True
Is 109931982301 composite?
True
Is 5162217827 prime?
False
Is 879486677 composite?
False
Is 14000062981 a prime number?
True
Is 14113636037 a composite number?
False
Is 1219455617 composite?
False
Is 2689994179 prime?
False
Is 732758483 a composite number?
False
Is 5569447841 prime?
True
Is 351599741 prime?
False
Is 34497480673 composite?
True
Is 236743601 prime?
False
Is 2040247723 a composite number?
True
Is 166790820965 a prime number?
False
Is 16242299503 a prime number?
True
Is 177380207 a prime number?
True
Is 132774203 a prime number?
True
Is 1067934991 composite?
True
Is 10503072221 a prime number?
True
Is 1626290639 composite?
True
Is 529076479 composite?
True
Is 20796802723 prime?
False
Is 566494103 a prime number?
False
Is 3081053653 a composite number?
False
Is 141573031 composite?
False
Is 3896053841 a prime number?
True
Is 461853401 composite?
False
Is 302262827 prime?
False
Is 136964201177 composite?
False
Is 3095311759 prime?
False
Is 349090579 composite?
True
Is 2880053893 a prime number?
False
Is 4303278059 a composite number?
False
Is 4489321141 composite?
True
Is 1425743531 composite?
False
Is 10279144203 a composite number?
True
Is 2608897853 a prime number?
True
Is 285343823 a composite number?
False
Is 7834109461 a composite number?
False
Is 13032744481 composite?
True
Is 30381045739 a composite number?
True
Is 29429114447 composite?
False
Is 4609590943 a composite number?
True
Is 21315670403 a prime number?
True
Is 3458782231 a prime number?
True
Is 562049227 a prime number?
True
Is 4379147641 composite?
True
Is 18591293243 a prime number?
True
Is 11566677943 a composite number?
True
Is 13911319237 a composite number?
True
Is 876720563 composite?
True
Is 74599520323 a prime number?
True
Is 16300904693 prime?
True
Is 3082175623 a composite number?
True
Is 30606607 a prime number?
True
Is 44488858639 a composite number?
False
Is 36196950487 composite?
True
Is 1017398821 a composite number?
False
Is 884771389 prime?
False
Is 814797967 a composite number?
True
Is 260618582449 a prime number?
True
Is 641358709 a prime number?
False
Is 205275493 a prime number?
False
Is 3489408679 a prime number?
True
Is 16719230149 a composite number?
False
Is 1924494823 a composite number?
True
Is 39013308151 composite?
False
Is 1540943839 prime?
True
Is 192710242913 composite?
True
Is 6055295933 a composite number?
False
Is 899428589 composite?
False
Is 488723533 composite?
False
Is 5415673547 a composite number?
False
Is 61572015761 a composite number?
True
Is 443030437 prime?
True
Is 6876831749 a composite number?
True
Is 21348773 a composite number?
False
Is 3815027 composite?
True
Is 49922853298 a composite number?
True
Is 8262729901 a prime number?
True
Is 2675701261 prime?
False
Is 7865416057 a composite number?
False
Is 62474124038 prime?
False
Is 13934929 a composite number?
False
Is 41500878343 a composite number?
False
Is 53990963269 prime?
True
Is 26883665077 a composite number?
False
Is 59809862299 a composite number?
True
Is 1208327293 a composite number?
True
Is 177873637 prime?
True
Is 47161969 prime?
False
Is 16767409537 a prime number?
True
Is 5045953613 a composite number?
True
Is 1104492299 a prime number?
True
Is 770670679 composite?
True
Is 3445333961 composite?
True
Is 716904287 composite?
True
Is 16674703109 composite?
True
Is 23218977473 prime?
False
Is 6374601085 prime?
False
Is 14921716801 composite?
False
Is 74975483447 a prime number?
True
Is 257297526111 prime?
False
Is 333514438709 a composite number?
True
Is 14535438341 prime?
False
Is 39704283257 composite?
False
Is 2967548423 composite?
True
Is 3209462537 composite?
False
Is 1219560721 a composite number?
False
Is 6810963361 a prime number?
False
Is 16791968321 prime?
False
Is 3341130439 a prime number?
True
Is 1759540753 composite?
False
Is 24176635739 prime?
True
Is 540566627 composite?
False
Is 47552947 a prime number?
False
Is 4623193427 composite?
True
Is 5944541 a 